{"id":2822,"date":"2016-12-12T14:27:50","date_gmt":"2016-12-12T13:27:50","guid":{"rendered":"https:\/\/www.liegeairport.com\/passenger\/?page_id=2822"},"modified":"2025-09-05T11:23:53","modified_gmt":"2025-09-05T09:23:53","slug":"rejoindre-laeroport","status":"publish","type":"page","link":"https:\/\/www.liegeairport.com\/passenger\/fr\/acces-parking\/rejoindre-laeroport\/","title":{"rendered":"Rejoindre l&#8217;a\u00e9roport"},"content":{"rendered":"","protected":false},"excerpt":{"rendered":"","protected":false},"author":1,"featured_media":0,"parent":2671,"menu_order":0,"comment_status":"closed","ping_status":"closed","template":"join-airport.php","meta":[],"acf":[],"yoast_head":"<!-- This site is optimized with the Yoast SEO plugin v17.8 - https:\/\/yoast.com\/wordpress\/plugins\/seo\/ -->\n<title>Rejoindre l&#039;a\u00e9roport | Liege Airport<\/title>\n<meta name=\"description\" content=\"D\u00e9couvrez les diff\u00e9rents moyens d&#039;acc\u00e8s de Liege Airport. Informations pour rejoindre l&#039;a\u00e9roport en voiture, en bus, en train ou encore en navette et taxi.\" \/>\n<meta name=\"robots\" content=\"index, follow, max-snippet:-1, max-image-preview:large, max-video-preview:-1\" \/>\n<link rel=\"canonical\" href=\"https:\/\/www.liegeairport.com\/passenger\/fr\/acces-parking\/rejoindre-laeroport\/\" \/>\n<meta property=\"og:locale\" content=\"en_US\" \/>\n<meta property=\"og:type\" content=\"article\" \/>\n<meta property=\"og:title\" content=\"Rejoindre l&#039;a\u00e9roport | Liege Airport\" \/>\n<meta property=\"og:description\" content=\"D\u00e9couvrez les diff\u00e9rents moyens d&#039;acc\u00e8s de Liege Airport. Informations pour rejoindre l&#039;a\u00e9roport en voiture, en bus, en train ou encore en navette et taxi.\" \/>\n<meta property=\"og:url\" content=\"https:\/\/www.liegeairport.com\/passenger\/fr\/acces-parking\/rejoindre-laeroport\/\" \/>\n<meta property=\"og:site_name\" content=\"Passagers\" \/>\n<meta property=\"article:publisher\" content=\"https:\/\/www.facebook.com\/liegeairport\" \/>\n<meta property=\"article:modified_time\" content=\"2025-09-05T09:23:53+00:00\" \/>\n<meta name=\"twitter:card\" content=\"summary_large_image\" \/>\n<meta name=\"twitter:site\" content=\"@LGGLiegeAirport\" \/>\n<script type=\"application\/ld+json\" class=\"yoast-schema-graph\">{\"@context\":\"https:\/\/schema.org\",\"@graph\":[{\"@type\":\"Organization\",\"@id\":\"https:\/\/www.liegeairport.com\/passenger\/#organization\",\"name\":\"Liege Airport\",\"url\":\"https:\/\/www.liegeairport.com\/passenger\/\",\"sameAs\":[\"https:\/\/www.facebook.com\/liegeairport\",\"https:\/\/www.linkedin.com\/company-beta\/1630327\/\",\"https:\/\/twitter.com\/LGGLiegeAirport\"],\"logo\":{\"@type\":\"ImageObject\",\"@id\":\"https:\/\/www.liegeairport.com\/passenger\/#logo\",\"inLanguage\":\"en-US\",\"url\":\"https:\/\/www.liegeairport.com\/passenger\/wp\/wp-content\/uploads\/sites\/2\/2017\/03\/logo_lgg_800x800.png\",\"contentUrl\":\"https:\/\/www.liegeairport.com\/passenger\/wp\/wp-content\/uploads\/sites\/2\/2017\/03\/logo_lgg_800x800.png\",\"width\":800,\"height\":800,\"caption\":\"Liege Airport\"},\"image\":{\"@id\":\"https:\/\/www.liegeairport.com\/passenger\/#logo\"}},{\"@type\":\"WebSite\",\"@id\":\"https:\/\/www.liegeairport.com\/passenger\/#website\",\"url\":\"https:\/\/www.liegeairport.com\/passenger\/\",\"name\":\"Passagers\",\"description\":\"Passagers\",\"publisher\":{\"@id\":\"https:\/\/www.liegeairport.com\/passenger\/#organization\"},\"potentialAction\":[{\"@type\":\"SearchAction\",\"target\":{\"@type\":\"EntryPoint\",\"urlTemplate\":\"https:\/\/www.liegeairport.com\/passenger\/?s={search_term_string}\"},\"query-input\":\"required name=search_term_string\"}],\"inLanguage\":\"en-US\"},{\"@type\":\"WebPage\",\"@id\":\"https:\/\/www.liegeairport.com\/passenger\/fr\/acces-parking\/rejoindre-laeroport\/#webpage\",\"url\":\"https:\/\/www.liegeairport.com\/passenger\/fr\/acces-parking\/rejoindre-laeroport\/\",\"name\":\"Rejoindre l'a\\u00e9roport | Liege Airport\",\"isPartOf\":{\"@id\":\"https:\/\/www.liegeairport.com\/passenger\/#website\"},\"datePublished\":\"2016-12-12T13:27:50+00:00\",\"dateModified\":\"2025-09-05T09:23:53+00:00\",\"description\":\"D\\u00e9couvrez les diff\\u00e9rents moyens d'acc\\u00e8s de Liege Airport. Informations pour rejoindre l'a\\u00e9roport en voiture, en bus, en train ou encore en navette et taxi.\",\"breadcrumb\":{\"@id\":\"https:\/\/www.liegeairport.com\/passenger\/fr\/acces-parking\/rejoindre-laeroport\/#breadcrumb\"},\"inLanguage\":\"en-US\",\"potentialAction\":[{\"@type\":\"ReadAction\",\"target\":[\"https:\/\/www.liegeairport.com\/passenger\/fr\/acces-parking\/rejoindre-laeroport\/\"]}]},{\"@type\":\"BreadcrumbList\",\"@id\":\"https:\/\/www.liegeairport.com\/passenger\/fr\/acces-parking\/rejoindre-laeroport\/#breadcrumb\",\"itemListElement\":[{\"@type\":\"ListItem\",\"position\":1,\"name\":\"Ontvangst\",\"item\":\"https:\/\/www.liegeairport.com\/passenger\/fr\/\"},{\"@type\":\"ListItem\",\"position\":2,\"name\":\"Acc\\u00e8s et parking\",\"item\":\"https:\/\/www.liegeairport.com\/passenger\/fr\/acces-parking\/\"},{\"@type\":\"ListItem\",\"position\":3,\"name\":\"Rejoindre l&#8217;a\\u00e9roport\"}]}]}<\/script>\n<!-- \/ Yoast SEO plugin. -->","yoast_head_json":{"title":"Rejoindre l'a\u00e9roport | Liege Airport","description":"D\u00e9couvrez les diff\u00e9rents moyens d'acc\u00e8s de Liege Airport. Informations pour rejoindre l'a\u00e9roport en voiture, en bus, en train ou encore en navette et taxi.","robots":{"index":"index","follow":"follow","max-snippet":"max-snippet:-1","max-image-preview":"max-image-preview:large","max-video-preview":"max-video-preview:-1"},"canonical":"https:\/\/www.liegeairport.com\/passenger\/fr\/acces-parking\/rejoindre-laeroport\/","og_locale":"en_US","og_type":"article","og_title":"Rejoindre l'a\u00e9roport | Liege Airport","og_description":"D\u00e9couvrez les diff\u00e9rents moyens d'acc\u00e8s de Liege Airport. Informations pour rejoindre l'a\u00e9roport en voiture, en bus, en train ou encore en navette et taxi.","og_url":"https:\/\/www.liegeairport.com\/passenger\/fr\/acces-parking\/rejoindre-laeroport\/","og_site_name":"Passagers","article_publisher":"https:\/\/www.facebook.com\/liegeairport","article_modified_time":"2025-09-05T09:23:53+00:00","twitter_card":"summary_large_image","twitter_site":"@LGGLiegeAirport","schema":{"@context":"https:\/\/schema.org","@graph":[{"@type":"Organization","@id":"https:\/\/www.liegeairport.com\/passenger\/#organization","name":"Liege Airport","url":"https:\/\/www.liegeairport.com\/passenger\/","sameAs":["https:\/\/www.facebook.com\/liegeairport","https:\/\/www.linkedin.com\/company-beta\/1630327\/","https:\/\/twitter.com\/LGGLiegeAirport"],"logo":{"@type":"ImageObject","@id":"https:\/\/www.liegeairport.com\/passenger\/#logo","inLanguage":"en-US","url":"https:\/\/www.liegeairport.com\/passenger\/wp\/wp-content\/uploads\/sites\/2\/2017\/03\/logo_lgg_800x800.png","contentUrl":"https:\/\/www.liegeairport.com\/passenger\/wp\/wp-content\/uploads\/sites\/2\/2017\/03\/logo_lgg_800x800.png","width":800,"height":800,"caption":"Liege Airport"},"image":{"@id":"https:\/\/www.liegeairport.com\/passenger\/#logo"}},{"@type":"WebSite","@id":"https:\/\/www.liegeairport.com\/passenger\/#website","url":"https:\/\/www.liegeairport.com\/passenger\/","name":"Passagers","description":"Passagers","publisher":{"@id":"https:\/\/www.liegeairport.com\/passenger\/#organization"},"potentialAction":[{"@type":"SearchAction","target":{"@type":"EntryPoint","urlTemplate":"https:\/\/www.liegeairport.com\/passenger\/?s={search_term_string}"},"query-input":"required name=search_term_string"}],"inLanguage":"en-US"},{"@type":"WebPage","@id":"https:\/\/www.liegeairport.com\/passenger\/fr\/acces-parking\/rejoindre-laeroport\/#webpage","url":"https:\/\/www.liegeairport.com\/passenger\/fr\/acces-parking\/rejoindre-laeroport\/","name":"Rejoindre l'a\u00e9roport | Liege Airport","isPartOf":{"@id":"https:\/\/www.liegeairport.com\/passenger\/#website"},"datePublished":"2016-12-12T13:27:50+00:00","dateModified":"2025-09-05T09:23:53+00:00","description":"D\u00e9couvrez les diff\u00e9rents moyens d'acc\u00e8s de Liege Airport. Informations pour rejoindre l'a\u00e9roport en voiture, en bus, en train ou encore en navette et taxi.","breadcrumb":{"@id":"https:\/\/www.liegeairport.com\/passenger\/fr\/acces-parking\/rejoindre-laeroport\/#breadcrumb"},"inLanguage":"en-US","potentialAction":[{"@type":"ReadAction","target":["https:\/\/www.liegeairport.com\/passenger\/fr\/acces-parking\/rejoindre-laeroport\/"]}]},{"@type":"BreadcrumbList","@id":"https:\/\/www.liegeairport.com\/passenger\/fr\/acces-parking\/rejoindre-laeroport\/#breadcrumb","itemListElement":[{"@type":"ListItem","position":1,"name":"Ontvangst","item":"https:\/\/www.liegeairport.com\/passenger\/fr\/"},{"@type":"ListItem","position":2,"name":"Acc\u00e8s et parking","item":"https:\/\/www.liegeairport.com\/passenger\/fr\/acces-parking\/"},{"@type":"ListItem","position":3,"name":"Rejoindre l&#8217;a\u00e9roport"}]}]}},"lang":"fr","translations":{"nl":15993,"fr":2822},"pll_sync_post":[],"_links":{"self":[{"href":"https:\/\/www.liegeairport.com\/passenger\/wp-json\/wp\/v2\/pages\/2822"}],"collection":[{"href":"https:\/\/www.liegeairport.com\/passenger\/wp-json\/wp\/v2\/pages"}],"about":[{"href":"https:\/\/www.liegeairport.com\/passenger\/wp-json\/wp\/v2\/types\/page"}],"author":[{"embeddable":true,"href":"https:\/\/www.liegeairport.com\/passenger\/wp-json\/wp\/v2\/users\/1"}],"replies":[{"embeddable":true,"href":"https:\/\/www.liegeairport.com\/passenger\/wp-json\/wp\/v2\/comments?post=2822"}],"version-history":[{"count":100,"href":"https:\/\/www.liegeairport.com\/passenger\/wp-json\/wp\/v2\/pages\/2822\/revisions"}],"predecessor-version":[{"id":258658,"href":"https:\/\/www.liegeairport.com\/passenger\/wp-json\/wp\/v2\/pages\/2822\/revisions\/258658"}],"up":[{"embeddable":true,"href":"https:\/\/www.liegeairport.com\/passenger\/wp-json\/wp\/v2\/pages\/2671"}],"wp:attachment":[{"href":"https:\/\/www.liegeairport.com\/passenger\/wp-json\/wp\/v2\/media?parent=2822"}],"curies":[{"name":"wp","href":"https:\/\/api.w.org\/{rel}","templated":true}]}}